{"id":5785,"date":"2023-12-04T15:35:49","date_gmt":"2023-12-04T14:35:49","guid":{"rendered":"https:\/\/ledecsun.com\/avis-juridique\/"},"modified":"2025-02-27T11:08:10","modified_gmt":"2025-02-27T10:08:10","slug":"avis-juridique","status":"publish","type":"page","link":"https:\/\/ledecsun.com\/fr\/avis-juridique\/","title":{"rendered":"Avis juridique"},"content":{"rendered":"\t\t<div data-elementor-type=\"wp-page\" data-elementor-id=\"5785\" class=\"elementor elementor-5785 elementor-4950\" data-elementor-post-type=\"page\">\n\t\t\t\t<div class=\"elementor-element elementor-element-7005823 e-flex e-con-boxed e-con e-parent\" data-id=\"7005823\" data-element_type=\"container\">\r\n\t\t\t\t\t<div class=\"e-con-inner\">\r\n\t\t\t\t<div class=\"elementor-element elementor-element-79fb5ea elementor-widget elementor-widget-heading\" data-id=\"79fb5ea\" data-element_type=\"widget\" data-widget_type=\"heading.default\">\n\t\t\t\t<div class=\"elementor-widget-container\">\n\t\t\t<h2 class=\"elementor-heading-title elementor-size-default\">AVIS L\u00c9GAL : Collecte de donn\u00e9es sur le site web (LSSICE + LOPD)<\/h2>\t\t<\/div>\n\t\t\t\t<\/div>\n\t\t\t\t<div class=\"elementor-element elementor-element-7b9cbf4 elementor-widget elementor-widget-text-editor\" data-id=\"7b9cbf4\" data-element_type=\"widget\" data-widget_type=\"text-editor.default\">\n\t\t\t\t<div class=\"elementor-widget-container\">\n\t\t\t\t\t\t\t<p>\u00abConform\u00e9ment au R\u00e8glement g\u00e9n\u00e9ral sur la protection des donn\u00e9es (UE) 2016\/679 du Parlement europ\u00e9en et du Conseil du 27 avril 2016 et \u00e0 la Loi organique 3\/2018 du 5 d\u00e9cembre sur la protection des donn\u00e9es personnelles et la garantie des droits num\u00e9riques, nous vous informons que les donn\u00e9es fournies par vous seront trait\u00e9es par LEDECSUN SL. Les donn\u00e9es fournies seront trait\u00e9es par LEDECSUN SL avec CIF B93379048, domicili\u00e9e \u00e0 MALAGA (MALAGA), C.P. 29004, C. Guernica 37, afin de vous fournir le service demand\u00e9 et\/ou contract\u00e9, et d&rsquo;effectuer la facturation de ce dernier. La base juridique du traitement de vos donn\u00e9es est l&rsquo;ex\u00e9cution du service que vous avez contract\u00e9 et\/ou demand\u00e9. L&rsquo;offre prospective de produits et de services est bas\u00e9e sur le consentement qui vous est demand\u00e9, sans qu&rsquo;en aucun cas le retrait de ce consentement ne conditionne l&rsquo;ex\u00e9cution du contrat.<\/p><p>Les donn\u00e9es fournies seront conserv\u00e9es pendant la dur\u00e9e de la relation commerciale ou pendant les ann\u00e9es n\u00e9cessaires au respect des obligations l\u00e9gales. Les donn\u00e9es ne seront pas transmises \u00e0 des tiers, sauf en cas d&rsquo;obligation l\u00e9gale.<\/p><p>Vous avez le droit d&rsquo;obtenir la confirmation que LEDECSUN SL traite vos donn\u00e9es personnelles et, par cons\u00e9quent, vous avez le droit d&rsquo;exercer vos droits d&rsquo;acc\u00e8s, de rectification, de limitation du traitement, de portabilit\u00e9, d&rsquo;opposition au traitement et de suppression de vos donn\u00e9es en \u00e9crivant \u00e0 l&rsquo;adresse postale ou \u00e0 l&rsquo;adresse \u00e9lectronique susmentionn\u00e9e info@ledecsun.com, en joignant une copie de votre carte d&rsquo;identit\u00e9 dans les deux cas, ainsi que le droit de d\u00e9poser une plainte aupr\u00e8s de l&rsquo;Autorit\u00e9 de surveillance (aepd.es).<\/p>\t\t\t\t\t\t<\/div>\n\t\t\t\t<\/div>\n\t\t\t\t<div class=\"elementor-element elementor-element-261b00a elementor-widget elementor-widget-heading\" data-id=\"261b00a\" data-element_type=\"widget\" data-widget_type=\"heading.default\">\n\t\t\t\t<div class=\"elementor-widget-container\">\n\t\t\t<h2 class=\"elementor-heading-title elementor-size-default\">1. les conditions g\u00e9n\u00e9rales\n<\/h2>\t\t<\/div>\n\t\t\t\t<\/div>\n\t\t\t\t<div class=\"elementor-element elementor-element-d971a8e elementor-widget elementor-widget-text-editor\" data-id=\"d971a8e\" data-element_type=\"widget\" data-widget_type=\"text-editor.default\">\n\t\t\t\t<div class=\"elementor-widget-container\">\n\t\t\t\t\t\t\t<p>1.1 Les pr\u00e9sentes conditions g\u00e9n\u00e9rales de contrat, ainsi que les conditions particuli\u00e8res qui pourront \u00eatre \u00e9tablies, r\u00e9giront express\u00e9ment les relations entre LedecSun, S.L., domicili\u00e9e \u00e0 M\u00e1laga, C. Guernica 37 &#8211; C.P. 29004 et C.I.F. : B93379048, inscrite au Registre du Commerce de M\u00e1laga, volume 5361, folio 13, inscription 1\u00aa, page MA-126423 et les utilisateurs qui utilisent le portail Internet www.ledecsun.com.<\/p>\n<p>1.2 Les pr\u00e9sentes conditions g\u00e9n\u00e9rales ont \u00e9t\u00e9 r\u00e9dig\u00e9es conform\u00e9ment aux dispositions de la loi 7\/1998 sur les conditions g\u00e9n\u00e9rales des contrats, du d\u00e9cret royal 1906\/1999 r\u00e9glementant les contrats par t\u00e9l\u00e9phone ou par voie \u00e9lectronique avec des conditions g\u00e9n\u00e9rales d\u00e9veloppant l&rsquo;article 5. 3 de la loi 7\/1998, de la loi g\u00e9n\u00e9rale 26\/1984 pour la d\u00e9fense des consommateurs et des utilisateurs, de la loi 7\/1996 sur la r\u00e9glementation du commerce de d\u00e9tail, du d\u00e9cret-loi royal 14\/1999 r\u00e9glementant la signature \u00e9lectronique et de toute autre disposition l\u00e9gale applicable, ainsi que de la loi 34\/2002 du 11 juillet 2002 sur la soci\u00e9t\u00e9 de l&rsquo;information et le commerce \u00e9lectronique.<\/p>\n<p>1.3 En utilisant www.ledecsun.com, vous devenez un utilisateur. Tant la visite que l&rsquo;utilisation et\/ou l&rsquo;achat de l&rsquo;un des produits du site www.ledecsun.com impliquent l&rsquo;acceptation en tant qu&rsquo;utilisateur, sans r\u00e9serve d&rsquo;aucune sorte, de toutes et chacune des conditions g\u00e9n\u00e9rales, ainsi que, le cas \u00e9ch\u00e9ant, des conditions sp\u00e9cifiques r\u00e9gissant l&rsquo;achat.<\/p>\n<p>1.4 LedecSun, S.L. peut, \u00e0 tout moment et sans pr\u00e9avis, modifier les pr\u00e9sentes conditions g\u00e9n\u00e9rales en publiant ces modifications sur le site web.<\/p>\t\t\t\t\t\t<\/div>\n\t\t\t\t<\/div>\n\t\t\t\t<div class=\"elementor-element elementor-element-10c965b elementor-widget elementor-widget-heading\" data-id=\"10c965b\" data-element_type=\"widget\" data-widget_type=\"heading.default\">\n\t\t\t\t<div class=\"elementor-widget-container\">\n\t\t\t<h2 class=\"elementor-heading-title elementor-size-default\">2. Produits propos\u00e9s. Syst\u00e8me d'achat\n<\/h2>\t\t<\/div>\n\t\t\t\t<\/div>\n\t\t\t\t<div class=\"elementor-element elementor-element-8c050bf elementor-widget elementor-widget-text-editor\" data-id=\"8c050bf\" data-element_type=\"widget\" data-widget_type=\"text-editor.default\">\n\t\t\t\t<div class=\"elementor-widget-container\">\n\t\t\t\t\t\t\t<p>2.1 Les produits propos\u00e9s sur www.ledecsun.com, ainsi que leurs caract\u00e9ristiques et leurs prix, apparaissent \u00e0 l&rsquo;\u00e9cran. De m\u00eame, les frais d&rsquo;envoi des produits \u00e0 l&rsquo;adresse de l&rsquo;utilisateur appara\u00eetront \u00e0 l&rsquo;\u00e9cran. Dans le cas de l&rsquo;Espagne (P\u00e9ninsule et Bal\u00e9ares) et du Portugal, ces frais seront gratuits par le moyen de transport que LedecSun, S.L. a contract\u00e9 \u00e0 ce moment-l\u00e0. Pour les envois vers d&rsquo;autres lieux, les tarifs indiqu\u00e9s lors de la proc\u00e9dure de paiement s&rsquo;appliquent.<\/p>\n<p>Les prix des articles affich\u00e9s \u00e0 l&rsquo;\u00e9cran sont en euros et incluent la T.V.A. pour le territoire national, \u00e0 l&rsquo;exception des \u00eeles Canaries, de Ceuta et de Melilla.<\/p>\n<p>2.2 Pour proc\u00e9der \u00e0 l&rsquo;achat des Produits, vous devez remplir le formulaire de commande pr\u00e9vu \u00e0 cet effet, ce qui implique implicitement la lecture et l&rsquo;acceptation de l&rsquo;ensemble des pr\u00e9sentes Conditions G\u00e9n\u00e9rales, ainsi que des Conditions Particuli\u00e8res existantes, le cas \u00e9ch\u00e9ant.<\/p>\n<p>2.3 Une fois l&rsquo;achat effectu\u00e9 et dans les plus brefs d\u00e9lais, nous enverrons \u00e0 l&rsquo;utilisateur, en m\u00eame temps que le produit, la facture correspondante \u00e0 l&rsquo;adresse indiqu\u00e9e par l&rsquo;utilisateur (si celui-ci le demande). La confirmation de commande ne vaut pas comme facture, mais seulement comme preuve d&rsquo;achat.<\/p>\n\t\t\t\t\t\t<\/div>\n\t\t\t\t<\/div>\n\t\t\t\t<div class=\"elementor-element elementor-element-62f6772 elementor-widget elementor-widget-heading\" data-id=\"62f6772\" data-element_type=\"widget\" data-widget_type=\"heading.default\">\n\t\t\t\t<div class=\"elementor-widget-container\">\n\t\t\t<h2 class=\"elementor-heading-title elementor-size-default\">3. Mode de paiement, livraison<\/h2>\t\t<\/div>\n\t\t\t\t<\/div>\n\t\t\t\t<div class=\"elementor-element elementor-element-7637e8c elementor-widget elementor-widget-text-editor\" data-id=\"7637e8c\" data-element_type=\"widget\" data-widget_type=\"text-editor.default\">\n\t\t\t\t<div class=\"elementor-widget-container\">\n\t\t\t\t\t\t\t<p>3.1 Le paiement peut \u00eatre effectu\u00e9 via Paypal ou Amazon Pay, syst\u00e8mes auxquels LedecSun, S.L. est rattach\u00e9, dans un environnement s\u00e9curis\u00e9 puisque les donn\u00e9es confidentielles de votre carte sont transmises de mani\u00e8re crypt\u00e9e au serveur de Paypal ou Amazon Pay. LedecSun, S.L. n&rsquo;aura jamais acc\u00e8s \u00e0 ces donn\u00e9es. Les autres m\u00e9thodes de paiement disponibles sont le virement bancaire et le paiement par carte de cr\u00e9dit via le syst\u00e8me de passerelle de paiement Redsys.<\/p>\n<p>3.2 LedecSun, S.L. s&rsquo;engage \u00e0 livrer les produits achet\u00e9s par l&rsquo;utilisateur, \u00e0 l&rsquo;adresse indiqu\u00e9e par l&rsquo;acheteur, dans les plus brefs d\u00e9lais (selon le tarif d&rsquo;exp\u00e9dition choisi par le client). Cette date ne constitue pas une obligation, mais nous ferons de notre mieux pour la respecter. En cas de rupture de stock, le client en sera imm\u00e9diatement inform\u00e9 et pourra annuler ou modifier sa commande sans frais dans un d\u00e9lai de 24 \u00e0 48 heures ouvrables, les samedis, dimanches et jours f\u00e9ri\u00e9s, ainsi que la p\u00e9riode de vacances, n&rsquo;\u00e9tant pas compt\u00e9s comme heures ouvrables. Il est important de rappeler que, dans le cas des transferts, ce d\u00e9lai commence \u00e0 courir \u00e0 partir du moment de la r\u00e9ception du montant de l&rsquo;achat ou du re\u00e7u du transfert, selon le cas.<\/p>\n\t\t\t\t\t\t<\/div>\n\t\t\t\t<\/div>\n\t\t\t\t<div class=\"elementor-element elementor-element-47b29e4 elementor-widget elementor-widget-heading\" data-id=\"47b29e4\" data-element_type=\"widget\" data-widget_type=\"heading.default\">\n\t\t\t\t<div class=\"elementor-widget-container\">\n\t\t\t<h2 class=\"elementor-heading-title elementor-size-default\">4. L\u00e9gislation applicable. L'arbitrage\n<\/h2>\t\t<\/div>\n\t\t\t\t<\/div>\n\t\t\t\t<div class=\"elementor-element elementor-element-244f3bc elementor-widget elementor-widget-text-editor\" data-id=\"244f3bc\" data-element_type=\"widget\" data-widget_type=\"text-editor.default\">\n\t\t\t\t<div class=\"elementor-widget-container\">\n\t\t\t\t\t\t\t<p>4.1 Le pr\u00e9sent contrat est r\u00e9gi par la loi espagnole, qui s&rsquo;applique \u00e0 toutes les questions non pr\u00e9vues dans le pr\u00e9sent contrat en ce qui concerne l&rsquo;interpr\u00e9tation, la validit\u00e9 et l&rsquo;ex\u00e9cution. Les deux parties acceptent de se soumettre \u00e0 la juridiction des cours et tribunaux de la ville de Malaga, en renon\u00e7ant \u00e0 toute autre juridiction qui pourrait leur correspondre.<\/p>\n\t\t\t\t\t\t<\/div>\n\t\t\t\t<\/div>\n\t\t\t\t\t<\/div>\n\t\t\t\t<\/div>\n\t\t\t\t<\/div>\n\t\t","protected":false},"excerpt":{"rendered":"<p>AVIS L\u00c9GAL : Collecte de donn\u00e9es sur le site web (LSSICE + LOPD) \u00abConform\u00e9ment au R\u00e8glement g\u00e9n\u00e9ral sur la protection des donn\u00e9es (UE) 2016\/679 du Parlement europ\u00e9en et du Conseil du 27 avril 2016 et \u00e0 la Loi organique 3\/2018 du 5 d\u00e9cembre sur la protection des donn\u00e9es personnelles et la garantie des droits num\u00e9riques, [&hellip;]<\/p>\n","protected":false},"author":1,"featured_media":0,"parent":0,"menu_order":0,"comment_status":"closed","ping_status":"closed","template":"","meta":{"footnotes":""},"class_list":["post-5785","page","type-page","status-publish","hentry"],"_links":{"self":[{"href":"https:\/\/ledecsun.com\/fr\/wp-json\/wp\/v2\/pages\/5785","targetHints":{"allow":["GET"]}}],"collection":[{"href":"https:\/\/ledecsun.com\/fr\/wp-json\/wp\/v2\/pages"}],"about":[{"href":"https:\/\/ledecsun.com\/fr\/wp-json\/wp\/v2\/types\/page"}],"author":[{"embeddable":true,"href":"https:\/\/ledecsun.com\/fr\/wp-json\/wp\/v2\/users\/1"}],"replies":[{"embeddable":true,"href":"https:\/\/ledecsun.com\/fr\/wp-json\/wp\/v2\/comments?post=5785"}],"version-history":[{"count":6,"href":"https:\/\/ledecsun.com\/fr\/wp-json\/wp\/v2\/pages\/5785\/revisions"}],"predecessor-version":[{"id":10542,"href":"https:\/\/ledecsun.com\/fr\/wp-json\/wp\/v2\/pages\/5785\/revisions\/10542"}],"wp:attachment":[{"href":"https:\/\/ledecsun.com\/fr\/wp-json\/wp\/v2\/media?parent=5785"}],"curies":[{"name":"wp","href":"https:\/\/api.w.org\/{rel}","templated":true}]}}

<div data-elementor-type="wp-page" data-elementor-id="5785" class="elementor elementor-5785 elementor-4950" data-elementor-post-type="page">
				<div class="elementor-element elementor-element-7005823 e-flex e-con-boxed e-con e-parent" data-id="7005823" data-element_type="container">
					<div class="e-con-inner">
				<div class="elementor-element elementor-element-79fb5ea elementor-widget elementor-widget-heading" data-id="79fb5ea" data-element_type="widget" data-widget_type="heading.default">
				<div class="elementor-widget-container">
			<h2 class="elementor-heading-title elementor-size-default">AVIS LÉGAL : Collecte de données sur le site web (LSSICE + LOPD)</h2>		</div>
				</div>
				<div class="elementor-element elementor-element-7b9cbf4 elementor-widget elementor-widget-text-editor" data-id="7b9cbf4" data-element_type="widget" data-widget_type="text-editor.default">
				<div class="elementor-widget-container">
							<p>«Conformément au Règlement général sur la protection des données (UE) 2016/679 du Parlement européen et du Conseil du 27 avril 2016 et à la Loi organique 3/2018 du 5 décembre sur la protection des données personnelles et la garantie des droits numériques, nous vous informons que les données fournies par vous seront traitées par LEDECSUN SL. Les données fournies seront traitées par LEDECSUN SL avec CIF B93379048, domiciliée à MALAGA (MALAGA), C.P. 29004, C. Guernica 37, afin de vous fournir le service demandé et/ou contracté, et d&rsquo;effectuer la facturation de ce dernier. La base juridique du traitement de vos données est l&rsquo;exécution du service que vous avez contracté et/ou demandé. L&rsquo;offre prospective de produits et de services est basée sur le consentement qui vous est demandé, sans qu&rsquo;en aucun cas le retrait de ce consentement ne conditionne l&rsquo;exécution du contrat.</p><p>Les données fournies seront conservées pendant la durée de la relation commerciale ou pendant les années nécessaires au respect des obligations légales. Les données ne seront pas transmises à des tiers, sauf en cas d&rsquo;obligation légale.</p><p>Vous avez le droit d&rsquo;obtenir la confirmation que LEDECSUN SL traite vos données personnelles et, par conséquent, vous avez le droit d&rsquo;exercer vos droits d&rsquo;accès, de rectification, de limitation du traitement, de portabilité, d&rsquo;opposition au traitement et de suppression de vos données en écrivant à l&rsquo;adresse postale ou à l&rsquo;adresse électronique susmentionnée info@ledecsun.com, en joignant une copie de votre carte d&rsquo;identité dans les deux cas, ainsi que le droit de déposer une plainte auprès de l&rsquo;Autorité de surveillance (aepd.es).</p>						</div>
				</div>
				<div class="elementor-element elementor-element-261b00a elementor-widget elementor-widget-heading" data-id="261b00a" data-element_type="widget" data-widget_type="heading.default">
				<div class="elementor-widget-container">
			<h2 class="elementor-heading-title elementor-size-default">1. les conditions générales
</h2>		</div>
				</div>
				<div class="elementor-element elementor-element-d971a8e elementor-widget elementor-widget-text-editor" data-id="d971a8e" data-element_type="widget" data-widget_type="text-editor.default">
				<div class="elementor-widget-container">
							<p>1.1 Les présentes conditions générales de contrat, ainsi que les conditions particulières qui pourront être établies, régiront expressément les relations entre LedecSun, S.L., domiciliée à Málaga, C. Guernica 37 &#8211; C.P. 29004 et C.I.F. : B93379048, inscrite au Registre du Commerce de Málaga, volume 5361, folio 13, inscription 1ª, page MA-126423 et les utilisateurs qui utilisent le portail Internet www.ledecsun.com.</p>
<p>1.2 Les présentes conditions générales ont été rédigées conformément aux dispositions de la loi 7/1998 sur les conditions générales des contrats, du décret royal 1906/1999 réglementant les contrats par téléphone ou par voie électronique avec des conditions générales développant l&rsquo;article 5. 3 de la loi 7/1998, de la loi générale 26/1984 pour la défense des consommateurs et des utilisateurs, de la loi 7/1996 sur la réglementation du commerce de détail, du décret-loi royal 14/1999 réglementant la signature électronique et de toute autre disposition légale applicable, ainsi que de la loi 34/2002 du 11 juillet 2002 sur la société de l&rsquo;information et le commerce électronique.</p>
<p>1.3 En utilisant www.ledecsun.com, vous devenez un utilisateur. Tant la visite que l&rsquo;utilisation et/ou l&rsquo;achat de l&rsquo;un des produits du site www.ledecsun.com impliquent l&rsquo;acceptation en tant qu&rsquo;utilisateur, sans réserve d&rsquo;aucune sorte, de toutes et chacune des conditions générales, ainsi que, le cas échéant, des conditions spécifiques régissant l&rsquo;achat.</p>
<p>1.4 LedecSun, S.L. peut, à tout moment et sans préavis, modifier les présentes conditions générales en publiant ces modifications sur le site web.</p>						</div>
				</div>
				<div class="elementor-element elementor-element-10c965b elementor-widget elementor-widget-heading" data-id="10c965b" data-element_type="widget" data-widget_type="heading.default">
				<div class="elementor-widget-container">
			<h2 class="elementor-heading-title elementor-size-default">2. Produits proposés. Système d'achat
</h2>		</div>
				</div>
				<div class="elementor-element elementor-element-8c050bf elementor-widget elementor-widget-text-editor" data-id="8c050bf" data-element_type="widget" data-widget_type="text-editor.default">
				<div class="elementor-widget-container">
							<p>2.1 Les produits proposés sur www.ledecsun.com, ainsi que leurs caractéristiques et leurs prix, apparaissent à l&rsquo;écran. De même, les frais d&rsquo;envoi des produits à l&rsquo;adresse de l&rsquo;utilisateur apparaîtront à l&rsquo;écran. Dans le cas de l&rsquo;Espagne (Péninsule et Baléares) et du Portugal, ces frais seront gratuits par le moyen de transport que LedecSun, S.L. a contracté à ce moment-là. Pour les envois vers d&rsquo;autres lieux, les tarifs indiqués lors de la procédure de paiement s&rsquo;appliquent.</p>
<p>Les prix des articles affichés à l&rsquo;écran sont en euros et incluent la T.V.A. pour le territoire national, à l&rsquo;exception des îles Canaries, de Ceuta et de Melilla.</p>
<p>2.2 Pour procéder à l&rsquo;achat des Produits, vous devez remplir le formulaire de commande prévu à cet effet, ce qui implique implicitement la lecture et l&rsquo;acceptation de l&rsquo;ensemble des présentes Conditions Générales, ainsi que des Conditions Particulières existantes, le cas échéant.</p>
<p>2.3 Une fois l&rsquo;achat effectué et dans les plus brefs délais, nous enverrons à l&rsquo;utilisateur, en même temps que le produit, la facture correspondante à l&rsquo;adresse indiquée par l&rsquo;utilisateur (si celui-ci le demande). La confirmation de commande ne vaut pas comme facture, mais seulement comme preuve d&rsquo;achat.</p>
						</div>
				</div>
				<div class="elementor-element elementor-element-62f6772 elementor-widget elementor-widget-heading" data-id="62f6772" data-element_type="widget" data-widget_type="heading.default">
				<div class="elementor-widget-container">
			<h2 class="elementor-heading-title elementor-size-default">3. Mode de paiement, livraison</h2>		</div>
				</div>
				<div class="elementor-element elementor-element-7637e8c elementor-widget elementor-widget-text-editor" data-id="7637e8c" data-element_type="widget" data-widget_type="text-editor.default">
				<div class="elementor-widget-container">
							<p>3.1 Le paiement peut être effectué via Paypal ou Amazon Pay, systèmes auxquels LedecSun, S.L. est rattaché, dans un environnement sécurisé puisque les données confidentielles de votre carte sont transmises de manière cryptée au serveur de Paypal ou Amazon Pay. LedecSun, S.L. n&rsquo;aura jamais accès à ces données. Les autres méthodes de paiement disponibles sont le virement bancaire et le paiement par carte de crédit via le système de passerelle de paiement Redsys.</p>
<p>3.2 LedecSun, S.L. s&rsquo;engage à livrer les produits achetés par l&rsquo;utilisateur, à l&rsquo;adresse indiquée par l&rsquo;acheteur, dans les plus brefs délais (selon le tarif d&rsquo;expédition choisi par le client). Cette date ne constitue pas une obligation, mais nous ferons de notre mieux pour la respecter. En cas de rupture de stock, le client en sera immédiatement informé et pourra annuler ou modifier sa commande sans frais dans un délai de 24 à 48 heures ouvrables, les samedis, dimanches et jours fériés, ainsi que la période de vacances, n&rsquo;étant pas comptés comme heures ouvrables. Il est important de rappeler que, dans le cas des transferts, ce délai commence à courir à partir du moment de la réception du montant de l&rsquo;achat ou du reçu du transfert, selon le cas.</p>
						</div>
				</div>
				<div class="elementor-element elementor-element-47b29e4 elementor-widget elementor-widget-heading" data-id="47b29e4" data-element_type="widget" data-widget_type="heading.default">
				<div class="elementor-widget-container">
			<h2 class="elementor-heading-title elementor-size-default">4. Législation applicable. L'arbitrage
</h2>		</div>
				</div>
				<div class="elementor-element elementor-element-244f3bc elementor-widget elementor-widget-text-editor" data-id="244f3bc" data-element_type="widget" data-widget_type="text-editor.default">
				<div class="elementor-widget-container">
							<p>4.1 Le présent contrat est régi par la loi espagnole, qui s&rsquo;applique à toutes les questions non prévues dans le présent contrat en ce qui concerne l&rsquo;interprétation, la validité et l&rsquo;exécution. Les deux parties acceptent de se soumettre à la juridiction des cours et tribunaux de la ville de Malaga, en renonçant à toute autre juridiction qui pourrait leur correspondre.</p>
						</div>
				</div>
					</div>
				</div>
				</div>

<p>AVIS LÉGAL : Collecte de données sur le site web (LSSICE + LOPD) «Conformément au Règlement général sur la protection des données (UE) 2016/679 du Parlement européen et du Conseil du 27 avril 2016 et à la Loi organique 3/2018 du 5 décembre sur la protection des données personnelles et la garantie des droits numériques, [&hellip;]</p>
